r of 8370966 and 348?
174
Calculate the greatest common divisor of 2160 and 24070380.
60
Calculate the greatest common divisor of 6967768 and 24118.
778
What is the highest common divisor of 1917 and 39741489?
27
Calculate the greatest common divisor of 12630 and 52125.
15
What is the highest common divisor of 1064860 and 86432?
148
Calculate the greatest common divisor of 68 and 4166853.
17
Calculate the greatest common divisor of 2556 and 101518782.
426
Calculate the highest common factor of 144267112 and 44.
44
What is the highest common factor of 21840 and 166040?
280
Calculate the greatest common factor of 1341 and 24714.
9
Calculate the highest common divisor of 8670 and 426564.
1734
What is the greatest common divisor of 42386799 and 63?
21
What is the highest common factor of 524755 and 314215?
1595
What is the highest common factor of 65855826 and 180?
18
What is the greatest common factor of 270 and 711630?
90
What is the greatest common factor of 122680 and 66090?
10
Calculate the greatest common divisor of 179267592 and 2240.
56
Calculate the highest common factor of 3191 and 24344139.
3191
Calculate the highest common divisor of 195487245 and 1548.
387
Calculate the highest common divisor of 7791 and 1742685.
147
Calculate the highest common factor of 5 and 846508.
1
What is the highest common divisor of 131604373 and 32221?
4603
Calculate the highest common factor of 1596688 and 32.
16
Calculate the highest common factor of 46 and 449719.
23
What is the greatest common factor of 128542491 and 4284?
1071
What is the greatest common divisor of 2982857 and 1687?
241
Calculate the highest common factor of 1091089989 and 18.
9
What is the greatest common factor of 389393 and 10975?
439
What is the highest common factor of 4368 and 11873232?
336
What is the greatest common factor of 18264 and 1182552?
24
What is the greatest common divisor of 15 and 29832105?
15
Calculate the greatest common factor of 21317 and 347.
1
What is the greatest common divisor of 557023 and 1083?
361
Calculate the highest common factor of 1028 and 7556.
4
What is the greatest common divisor of 125562 and 2958?
102
What is the greatest common factor of 4000 and 24716500?
500
Calculate the greatest common factor of 5440 and 1413040.
1360
Calculate the greatest common factor of 5445 and 64665.
45
Calculate the greatest common divisor of 62 and 25525586.
62
Calculate the greatest common divisor of 989 and 1199141.
43
What is the greatest common divisor of 760 and 91345?
5
Calculate the greatest common factor of 2690 and 734.
2
What is the greatest common divisor of 23621 and 21813480?
1027
What is the greatest common divisor of 2322852 and 81284?
28
Calculate the greatest common divisor of 8890 and 5150810.
70
Calculate the greatest common factor of 724766 and 252.
14
Calculate the highest common factor of 37634 and 10168.
62
What is the highest common divisor of 65 and 45160?
5
What is the highest common divisor of 3832669 and 7075?
283
What is the greatest common divisor of 1178 and 1026418?
38
Calculate the highest common factor of 266 and 43839878.
38
Calculate the highest common divisor of 160 and 4264830.
10
Calculate the greatest common factor of 5704045 and 41875.
335
What is the highest common factor of 116 and 6738643?
29
Calculate the highest common factor of 22 and 765319522.
22
What is the highest common factor of 779308322 and 127?
127
What is the highest common factor of 19377033 and 117?
39
Calculate the greatest common divisor of 16460 and 52709858.
1646
Calculate the greatest common factor of 88 and 51484246.
22
Calculate the highest common divisor of 13 and 30157049.
13
What is the greatest common factor of 6471 and 66196173?
2157
Calculate the greatest common divisor of 410856 and 640664.
424
Calculate the greatest common divisor of 166 and 19101869.
83
What is the highest common factor of 585 and 88106343?
39
Calculate the highest common divisor of 9856 and 11931689.
77
What is the highest common factor of 879552 and 236672?
64
What is the greatest common divisor of 3364 and 3449956?
116
Calculate the greatest common divisor of 10787454 and 18.
18
What is the highest common divisor of 136306300 and 9100?
1300
What is the highest common divisor of 264093 and 22515333?
5619
Calculate the greatest common divisor of 1272 and 5323426.
106
What is the greatest common divisor of 48670414 and 6643?
949
What is the highest common factor of 1735 and 1978247?
347
What is the greatest common divisor of 1345242 and 89238?
834
Calculate the greatest common divisor of 169998152 and 56.
8
What is the highest common divisor of 25067919 and 609?
87
What is the highest common factor of 16340571 and 234?
117
What is the greatest common factor of 69 and 142857071?
23
What is the greatest common factor of 972 and 1651644?
108
Calculate the greatest common divisor of 2974965 and 110635.
1015
What is the greatest common factor of 993991471 and 11?
11
What is the greatest common factor of 6543997 and 34?
17
What is the greatest common divisor of 117298096 and 1938?
646
Calculate the highest common factor of 1268 and 16228.
4
Calculate the highest common divisor of 6939 and 15670575.
2313
What is the greatest common divisor of 8 and 7720842?
2
What is the highest common divisor of 6463072 and 176?
176
What is the highest common divisor of 5250252 and 9408?
588
What is the highest common divisor of 336498503 and 91817?
5401
Calculate the highest common factor of 3268 and 341753.
19
What is the highest common divisor of 9095 and 4705432?
107
What is the highest common factor of 71832 and 3996312?
1752
Calculate the greatest common divisor of 30184 and 2619848.
616
What is the highest common divisor of 566137 and 749?
107
What is the highest common divisor of 4106 and 3582485?
2053
Calculate the highest common factor of 1221 and 3160059.
111
What is the greatest common factor of 3254412 and 186984?
4452
What is the greatest common factor of 48894657 and 285?
57
Calculate the greatest common divisor of 1973928 and 2868.
12
What is the greatest common divisor of 594 and 1623732?
66
Calculate the highest common divisor of 62684619 and 4008.
501
Calculate the highest common factor of 612750 and 98986.
86
Calculate the greatest common divisor of 5830 and 704645865.
2915
Calculate the highest common factor of 926 and 2645582.
926
What is the greatest common factor of 33811089 and 143?
13
Calculate the highest common factor of 3360 and 59752320.
480
What is the highest common divisor of 43558784 and 71?
71
What is the greatest common divisor of 3834 and 1656558?
54
What is the highest common divisor of 53137 and 8388055?
7591
What is the highest common factor of 4677 and 1437?
3
Calculate the highest common factor of 1938 and 4447596.
114
Calculate the highest common factor of 35 and 1053661.
7
Calculate the highest common factor of 2274 and 2822792.
758
Calculate the greatest common factor of 243886469 and 471.
157
What is the highest common divisor of 126678 and 2647338?
258
What is the greatest common factor of 52853161 and 4006?
2003
Calculate the greatest common factor of 31 and 391111965.
31
Calculate the highest common divisor of 1599 and 345072.
39
Calculate the highest common factor of 6 and 2105574.
6
What is the greatest common factor of 25365172 and 436?
436
Calculate the highest common factor of 1928 and 761.
1
Calculate the highest common factor of 2121771 and 122739.
489
What is the highest common factor of 2522899 and 6077?
59
What is the highest common factor of 287 and 1673895643?
287
What is the greatest common factor of 985953437 and 238?
119
What is the highest common divisor of 528 and 354432?
48
What is the greatest common factor of 147228323 and 121?
121
What is the highest common divisor of 126436 and 11140657?
433
What is the greatest common factor of 12505 and 4625?
5
What is the highest common divisor of 118278 and 63?
9
What is the greatest common divisor of 28 and 20191608?
4
Calculate the greatest common divisor of 150709384 and 168.
56
What is the greatest common factor of 23595 and 13235?
5
Calculate the greatest common factor of 27220 and 71220.
20
What is the highest common divisor of 446679 and 3348?
279
What is the highest common diviso